{"id":1206,"date":"2021-05-05T18:04:49","date_gmt":"2021-05-05T18:04:49","guid":{"rendered":"http:\/\/dongo-motor-alkatresz.hu\/?page_id=1206"},"modified":"2025-02-08T08:42:50","modified_gmt":"2025-02-08T08:42:50","slug":"kipufogo-2","status":"publish","type":"page","link":"https:\/\/dongo-motor-alkatresz.hu\/?page_id=1206","title":{"rendered":"Kipufog\u00f3k"},"content":{"rendered":"\n<p>&nbsp;<\/p>\n\n\n\n<h2 class=\"wp-block-heading\"><strong>Dong\u00f3 motor<\/strong> kipufog\u00f3 ( gy\u00e1ri ) 3500ft<\/h2>\n\n\n\n<figure class=\"wp-block-image size-large\"><img loading=\"lazy\" decoding=\"async\" width=\"800\" height=\"800\" src=\"http:\/\/dongo-motor-alkatresz.hu\/wp-content\/uploads\/2021\/05\/kipufog\u00f3-crom.jpg\" alt=\"\" class=\"wp-image-1213\" srcset=\"https:\/\/dongo-motor-alkatresz.hu\/wp-content\/uploads\/2021\/05\/kipufog\u00f3-crom.jpg 800w, https:\/\/dongo-motor-alkatresz.hu\/wp-content\/uploads\/2021\/05\/kipufog\u00f3-crom-150x150.jpg 150w, https:\/\/dongo-motor-alkatresz.hu\/wp-content\/uploads\/2021\/05\/kipufog\u00f3-crom-768x768.jpg 768w\" sizes=\"auto, (max-width: 800px) 100vw, 800px\" \/><\/figure>\n\n\n\n<figure class=\"wp-block-image size-large\"><img loading=\"lazy\" decoding=\"async\" width=\"1300\" height=\"1300\" src=\"http:\/\/dongo-motor-alkatresz.hu\/wp-content\/uploads\/2021\/05\/kipufog\u00f3-feekete.jpg\" alt=\"\" class=\"wp-image-1214\" srcset=\"https:\/\/dongo-motor-alkatresz.hu\/wp-content\/uploads\/2021\/05\/kipufog\u00f3-feekete.jpg 1300w, https:\/\/dongo-motor-alkatresz.hu\/wp-content\/uploads\/2021\/05\/kipufog\u00f3-feekete-150x150.jpg 150w, https:\/\/dongo-motor-alkatresz.hu\/wp-content\/uploads\/2021\/05\/kipufog\u00f3-feekete-768x768.jpg 768w\" sizes=\"auto, (max-width: 1300px) 100vw, 1300px\" \/><\/figure>\n\n\n\n<h2 class=\"wp-block-heading\">\u00a0<\/h2>\n\n\n\n<h2 class=\"wp-block-heading\"><strong>Dong\u00f3 motor<\/strong> kipufog\u00f3 t\u00f6m\u00edt\u00e9s 450\/db ft<\/h2>\n\n\n\n<figure class=\"wp-block-image size-large\"><img loading=\"lazy\" decoding=\"async\" width=\"1300\" height=\"923\" src=\"http:\/\/dongo-motor-alkatresz.hu\/wp-content\/uploads\/2020\/03\/t\u00f6mit\u00e9s-kipufog\u00f3-1.jpg\" alt=\"\" class=\"wp-image-1133\" srcset=\"https:\/\/dongo-motor-alkatresz.hu\/wp-content\/uploads\/2020\/03\/t\u00f6mit\u00e9s-kipufog\u00f3-1.jpg 1300w, https:\/\/dongo-motor-alkatresz.hu\/wp-content\/uploads\/2020\/03\/t\u00f6mit\u00e9s-kipufog\u00f3-1-768x545.jpg 768w\" sizes=\"auto, (max-width: 1300px) 100vw, 1300px\" \/><\/figure>\n\n\n\n<h2 class=\"wp-block-heading\">&nbsp;<\/h2>\n","protected":false},"excerpt":{"rendered":"<p>&nbsp; Dong\u00f3 motor kipufog\u00f3 ( gy\u00e1ri ) 3500ft \u00a0 Dong\u00f3 motor kipufog\u00f3 t\u00f6m\u00edt\u00e9s 450\/db ft &nbsp;<\/p>\n","protected":false},"author":1,"featured_media":0,"parent":0,"menu_order":0,"comment_status":"closed","ping_status":"closed","template":"","meta":{"footnotes":""},"class_list":["post-1206","page","type-page","status-publish","hentry"],"_links":{"self":[{"href":"https:\/\/dongo-motor-alkatresz.hu\/index.php?rest_route=\/wp\/v2\/pages\/1206","targetHints":{"allow":["GET"]}}],"collection":[{"href":"https:\/\/dongo-motor-alkatresz.hu\/index.php?rest_route=\/wp\/v2\/pages"}],"about":[{"href":"https:\/\/dongo-motor-alkatresz.hu\/index.php?rest_route=\/wp\/v2\/types\/page"}],"author":[{"embeddable":true,"href":"https:\/\/dongo-motor-alkatresz.hu\/index.php?rest_route=\/wp\/v2\/users\/1"}],"replies":[{"embeddable":true,"href":"https:\/\/dongo-motor-alkatresz.hu\/index.php?rest_route=%2Fwp%2Fv2%2Fcomments&post=1206"}],"version-history":[{"count":10,"href":"https:\/\/dongo-motor-alkatresz.hu\/index.php?rest_route=\/wp\/v2\/pages\/1206\/revisions"}],"predecessor-version":[{"id":17253,"href":"https:\/\/dongo-motor-alkatresz.hu\/index.php?rest_route=\/wp\/v2\/pages\/1206\/revisions\/17253"}],"wp:attachment":[{"href":"https:\/\/dongo-motor-alkatresz.hu\/index.php?rest_route=%2Fwp%2Fv2%2Fmedia&parent=1206"}],"curies":[{"name":"wp","href":"https:\/\/api.w.org\/{rel}","templated":true}]}}