{"id":306,"date":"2018-12-28T10:45:56","date_gmt":"2018-12-28T10:45:56","guid":{"rendered":"http:\/\/dongo-motor-alkatresz.hu\/?page_id=306"},"modified":"2025-04-29T16:55:48","modified_gmt":"2025-04-29T16:55:48","slug":"alkatreszek-ii","status":"publish","type":"page","link":"https:\/\/dongo-motor-alkatresz.hu\/?page_id=306","title":{"rendered":"Dong\u00f3 motor komplett blokk"},"content":{"rendered":"\n<p>&nbsp;<\/p>\n\n\n\n<h2 class=\"wp-block-heading\"><strong>Dong\u00f3 motor 50 cc blokk\u00a0 34000 ft<br><\/strong><\/h2>\n\n\n\n<p>&nbsp;<\/p>\n\n\n\n<h2 class=\"wp-block-heading\">&nbsp;<\/h2>\n\n\n\n<div class=\"wp-block-media-text alignwide\"><figure class=\"wp-block-media-text__media\"><img loading=\"lazy\" decoding=\"async\" width=\"1000\" height=\"1000\" src=\"http:\/\/dongo-motor-alkatresz.hu\/wp-content\/uploads\/2023\/09\/BLOKKKK-2.webp\" alt=\"\" class=\"wp-image-17217 size-full\" srcset=\"https:\/\/dongo-motor-alkatresz.hu\/wp-content\/uploads\/2023\/09\/BLOKKKK-2.webp 1000w, https:\/\/dongo-motor-alkatresz.hu\/wp-content\/uploads\/2023\/09\/BLOKKKK-2-150x150.webp 150w, https:\/\/dongo-motor-alkatresz.hu\/wp-content\/uploads\/2023\/09\/BLOKKKK-2-768x768.webp 768w\" sizes=\"auto, (max-width: 1000px) 100vw, 1000px\" \/><\/figure><div class=\"wp-block-media-text__content\">\n<ul class=\"wp-block-list\">\n<li><strong>Blokkban benne van a tekercs <\/strong><\/li>\n\n\n\n<li><strong>kuplung \u00e9s a kis l\u00e1ncker\u00e9k is.<\/strong><\/li>\n<\/ul>\n<\/div><\/div>\n\n\n\n<h2 class=\"wp-block-heading\">&nbsp;<\/h2>\n\n\n\n<h2 class=\"wp-block-heading\"><strong>Dong\u00f3&nbsp;motor&nbsp;80&nbsp;cc&nbsp;blokk<\/strong> 38000 ft<\/h2>\n\n\n\n<ul class=\"wp-block-list\">\n<li><strong>Blokkban benne van a tekercs <\/strong><\/li>\n\n\n\n<li><strong>kuplung \u00e9s a kis l\u00e1ncker\u00e9k is.<\/strong><\/li>\n<\/ul>\n\n\n\n<p><\/p>\n\n\n\n<p><img loading=\"lazy\" decoding=\"async\" class=\"alignnone size-full wp-image-17218\" src=\"http:\/\/dongo-motor-alkatresz.hu\/wp-content\/uploads\/2023\/09\/blokk-hirtetes.png\" alt=\"\" width=\"980\" height=\"867\" srcset=\"https:\/\/dongo-motor-alkatresz.hu\/wp-content\/uploads\/2023\/09\/blokk-hirtetes.png 980w, https:\/\/dongo-motor-alkatresz.hu\/wp-content\/uploads\/2023\/09\/blokk-hirtetes-768x679.png 768w\" sizes=\"auto, (max-width: 980px) 100vw, 980px\" \/><\/p>\n\n\n\n<h2 class=\"wp-block-heading\">&nbsp;<\/h2>\n\n\n\n<p>&nbsp;<\/p>\n\n\n\n<h2 class=\"wp-block-heading\">&nbsp;<\/h2>\n\n\n\n<h2 class=\"wp-block-heading\">&nbsp;<\/h2>\n\n\n\n<h2 class=\"wp-block-heading\">&nbsp;<\/h2>\n\n\n\n<h2 class=\"wp-block-heading\">&nbsp;<\/h2>\n\n\n\n<h2 class=\"wp-block-heading\">&nbsp;<\/h2>\n\n\n\n<p>&nbsp;<\/p>\n\n\n\n<p>&nbsp;<\/p>\n\n\n\n<h2 class=\"wp-block-heading\">&nbsp;<\/h2>\n\n\n\n<p>&nbsp;<\/p>\n\n\n\n<h2 class=\"wp-block-heading\">&nbsp;<\/h2>\n\n\n\n<h2 class=\"wp-block-heading\">&nbsp;<\/h2>\n\n\n\n<h2 class=\"wp-block-heading\">&nbsp;<\/h2>\n\n\n\n<h2 class=\"wp-block-heading\">&nbsp;<\/h2>\n\n\n\n<h2 class=\"wp-block-heading\">&nbsp;<\/h2>\n\n\n\n<figure class=\"wp-block-gallery columns-0 is-cropped wp-block-gallery-1 is-layout-flex wp-block-gallery-is-layout-flex\"><\/figure>\n\n\n\n<h2 class=\"wp-block-heading\">&nbsp;<\/h2>\n\n\n\n<h2 class=\"wp-block-heading\">&nbsp;<\/h2>\n\n\n\n<h2 class=\"wp-block-heading\">&nbsp;<\/h2>\n\n\n\n<h2 class=\"wp-block-heading\">&nbsp;<\/h2>\n\n\n\n<figure class=\"wp-block-image\"><img decoding=\"async\" src=\"blob:http:\/\/dongo-motor-alkatresz.hu\/4aeb0a36-e12e-4ad2-a81a-410fe5ae3d7a\" alt=\"\"\/><\/figure>\n","protected":false},"excerpt":{"rendered":"<p>&nbsp; Dong\u00f3 motor 50 cc blokk\u00a0 34000 ft &nbsp; &nbsp; &nbsp; Dong\u00f3&nbsp;motor&nbsp;80&nbsp;cc&nbsp;blokk 38000 ft &nbsp; &nbsp; &nbsp; &nbsp; &nbsp; &nbsp; &nbsp; &nbsp; &nbsp; &nbsp; &nbsp; &nbsp; &nbsp; &nbsp; &nbsp; &nbsp; &nbsp; &nbsp; &nbsp; &nbsp;<\/p>\n","protected":false},"author":1,"featured_media":0,"parent":0,"menu_order":0,"comment_status":"closed","ping_status":"closed","template":"","meta":{"footnotes":""},"class_list":["post-306","page","type-page","status-publish","hentry"],"_links":{"self":[{"href":"https:\/\/dongo-motor-alkatresz.hu\/index.php?rest_route=\/wp\/v2\/pages\/306","targetHints":{"allow":["GET"]}}],"collection":[{"href":"https:\/\/dongo-motor-alkatresz.hu\/index.php?rest_route=\/wp\/v2\/pages"}],"about":[{"href":"https:\/\/dongo-motor-alkatresz.hu\/index.php?rest_route=\/wp\/v2\/types\/page"}],"author":[{"embeddable":true,"href":"https:\/\/dongo-motor-alkatresz.hu\/index.php?rest_route=\/wp\/v2\/users\/1"}],"replies":[{"embeddable":true,"href":"https:\/\/dongo-motor-alkatresz.hu\/index.php?rest_route=%2Fwp%2Fv2%2Fcomments&post=306"}],"version-history":[{"count":101,"href":"https:\/\/dongo-motor-alkatresz.hu\/index.php?rest_route=\/wp\/v2\/pages\/306\/revisions"}],"predecessor-version":[{"id":17261,"href":"https:\/\/dongo-motor-alkatresz.hu\/index.php?rest_route=\/wp\/v2\/pages\/306\/revisions\/17261"}],"wp:attachment":[{"href":"https:\/\/dongo-motor-alkatresz.hu\/index.php?rest_route=%2Fwp%2Fv2%2Fmedia&parent=306"}],"curies":[{"name":"wp","href":"https:\/\/api.w.org\/{rel}","templated":true}]}}